of 18211?
18211
What are the prime factors of 4933?
4933
What are the prime factors of 643?
643
What are the prime factors of 918?
2, 3, 17
What are the prime factors of 797?
797
What are the prime factors of 3365?
5, 673
What are the prime factors of 21159?
3, 2351
List the prime factors of 1817.
23, 79
List the prime factors of 8444.
2, 2111
List the prime factors of 9084.
2, 3, 757
What are the prime factors of 4939?
11, 449
List the prime factors of 27184.
2, 1699
What are the prime factors of 178?
2, 89
List the prime factors of 9626.
2, 4813
List the prime factors of 1902.
2, 3, 317
List the prime factors of 771.
3, 257
What are the prime factors of 197?
197
What are the prime factors of 353?
353
List the prime factors of 130065.
3, 5, 13, 23, 29
List the prime factors of 128944.
2, 8059
What are the prime factors of 23261?
7, 3323
What are the prime factors of 1052?
2, 263
What are the prime factors of 26375?
5, 211
What are the prime factors of 9965?
5, 1993
List the prime factors of 4198.
2, 2099
What are the prime factors of 98756?
2, 7, 3527
What are the prime factors of 53246?
2, 79, 337
List the prime factors of 18428.
2, 17, 271
What are the prime factors of 10129?
7, 1447
List the prime factors of 9959.
23, 433
List the prime factors of 3543.
3, 1181
What are the prime factors of 8163?
3, 907
What are the prime factors of 3275?
5, 131
List the prime factors of 37405.
5, 7481
What are the prime factors of 6430?
2, 5, 643
List the prime factors of 934.
2, 467
List the prime factors of 723.
3, 241
List the prime factors of 25137.
3, 7, 19
What are the prime factors of 8403?
3, 2801
What are the prime factors of 16080?
2, 3, 5, 67
What are the prime factors of 8778?
2, 3, 7, 11, 19
List the prime factors of 11969.
11969
What are the prime factors of 33606?
2, 3, 1867
List the prime factors of 5181.
3, 11, 157
What are the prime factors of 938?
2, 7, 67
List the prime factors of 2596.
2, 11, 59
List the prime factors of 15227.
15227
What are the prime factors of 399?
3, 7, 19
What are the prime factors of 1212?
2, 3, 101
What are the prime factors of 5406?
2, 3, 17, 53
What are the prime factors of 62?
2, 31
List the prime factors of 794.
2, 397
List the prime factors of 5476.
2, 37
What are the prime factors of 9783?
3, 1087
What are the prime factors of 126699?
3, 157, 269
List the prime factors of 15079.
17, 887
List the prime factors of 1303.
1303
List the prime factors of 21.
3, 7
List the prime factors of 6985.
5, 11, 127
What are the prime factors of 21724?
2, 5431
List the prime factors of 10028.
2, 23, 109
What are the prime factors of 26069?
131, 199
List the prime factors of 3048.
2, 3, 127
List the prime factors of 46841.
31, 1511
List the prime factors of 863.
863
What are the prime factors of 126636?
2, 3, 61, 173
List the prime factors of 26461.
47, 563
What are the prime factors of 684?
2, 3, 19
What are the prime factors of 2026?
2, 1013
What are the prime factors of 862?
2, 431
List the prime factors of 6858.
2, 3, 127
List the prime factors of 1297.
1297
List the prime factors of 2181.
3, 727
List the prime factors of 1196.
2, 13, 23
List the prime factors of 19959.
3, 6653
What are the prime factors of 3572?
2, 19, 47
List the prime factors of 6001.
17, 353
List the prime factors of 260.
2, 5, 13
List the prime factors of 2152.
2, 269
What are the prime factors of 115784?
2, 41, 353
What are the prime factors of 17970?
2, 3, 5, 599
What are the prime factors of 1584?
2, 3, 11
What are the prime factors of 153?
3, 17
What are the prime factors of 655?
5, 131
List the prime factors of 835.
5, 167
List the prime factors of 10461.
3, 11, 317
What are the prime factors of 39120?
2, 3, 5, 163
What are the prime factors of 5153?
5153
What are the prime factors of 33475?
5, 13, 103
List the prime factors of 1998.
2, 3, 37
What are the prime factors of 31034?
2, 59, 263
What are the prime factors of 2543?
2543
List the prime factors of 1251.
3, 139
List the prime factors of 38763.
3, 59, 73
List the prime factors of 16462.
2, 8231
What are the prime factors of 4968?
2, 3, 23
List the prime factors of 12254.
2, 11, 557
List the prime factors of 7906.
2, 59, 67
What are the prime factors of 494?
2, 13, 19
What are the prime factors of 21199?
17, 29, 43
List the prime factors of 1875.
3, 5
What are the prime factors of 107619?
3, 29, 1237
What are the prime factors of 395?
5, 79
What are the prime factors of 36789?
3, 12263
What are the prime factors of 45013?
45013
What are the prime factors of 24679?
23, 29, 37
List the prime factors of 114309.
3, 13, 977
What are the prime factors of 229?
229
What are the prime factors of 7898?
2, 11, 359
List the prime factors of 858.
2, 3, 11, 13
List the prime factors of 27772.
2, 53, 131
What are the prime factors of 5075?
5, 7, 29
List the prime factors of 1580.
2, 5, 79
What are the prime factors of 4255?
5, 23, 37
List the prime factors of 2010.
2, 3, 5, 67
List the prime factors of 2469.
3, 823
List the prime factors of 944.
2, 59
What are the prime factors of 267?
3, 89
List the prime factors of 724.
2, 181
What are the prime factors of 549?
3, 61
What are the prime factors of 11283?
3, 3761
List the prime factors of 1866.
2, 3, 311
List the prime factors of 173410.
2, 5, 17341
List the prime factors of 46247.
103, 449
List the prime factors of 3057.
3, 1019
What are the prime factors of 154180?
2, 5, 13, 593
List the prime factors of 5316.
2, 3, 443
What are the prime factors of 1866?
2, 3, 311
List the prime factors of 42013.
42013
What are the prime factors of 65941?
23, 47, 61
List the prime factors of 191.
191
List the prime factors of 835.
5, 167
What are the prime factors of 2012?
2, 503
What are the prime factors of 18482?
2, 9241
What are the prime factors of 8299?
43, 193
What are the prime factors of 405?
3, 5
List the prime factors of 3942.
2, 3, 73
List the prime factors of 9706.
2, 23, 211
List the prime factors of 577.
577
What are the prime factors of 1984?
2, 31
List the prime factors of 9412.
2, 13, 181
What are the prime factors of 17124?
2, 3, 1427
What are the prime factors of 12816?
2, 3, 89
List the prime factors of 99264.
2, 3, 11, 47
What are the prime factors of 47907?
3, 5323
What are the prime factors of 7809?
3, 19, 137
List the prime factors of 3188.
2, 797
What are the prime factors of 12530?
2, 5, 7, 179
List the prime factors of 9068.
2, 2267
What are the prime factors of 2611?
7, 373
List the prime factors of 74223.
3, 2749
List the prime factors of 84057.
3, 28019
List the prime factors of 1577.
19, 83
List the prime factors of 6424.
2, 11, 73
What are the prime factors of 1522?
2, 761
List the prime factors of 575.
5, 23
List the prime factors of 36014.
2, 11, 1637
List the prime factors of 12366.
2, 3, 229
List the prime factors of 999.
3, 37
What are the prime factors of 12303?
3, 1367
What are the prime factors of 603?
3, 67
List the prime factors of 146672.
2, 89, 103
What are the prime factors of 1732?
2, 433
What are the prime factors of 40950?
2, 3, 5, 7, 13
List the prime factors of 860.
2, 5, 43
List the prime factors of 3049.
3049
List the prime factors of 49215.
3, 5, 17, 193
List the prime factors of 2601.
3, 17
What are the prime factors of 2504?
2, 313
List the prime factors of 41922.
2, 3, 17, 137
List the prime factors of 1750.
2, 5, 7
List the prime factors of 8657.
11, 787
List the prime factors of 3678.
2, 3, 613
List the prime factors of 6892.
2, 1723
List the prime factors of 85597.
85597
List the prime factors of 677.
677
What are the prime factors of 1136?
2, 71
List the prime factors of 8196.
2, 3, 683
What are the prime factors of 5524?
2, 1381
List the prime factors of 1484.
2, 7, 53
What are the prime factors of 1631?
7, 233
What are the prime factors of 5886?
2, 3, 109
What are the prime factors of 1945?
5, 389
What are the prime factors of 124245?
3, 5, 11, 251
List the prime factors of 113066.
2, 56533
What are the prime factors of 18?
2, 3
List the prime factors of 73910.
2, 5, 19, 389
List the prime factors of 31714.
2, 101, 157
List the prime factors of 11084.
2, 17, 163
List the prime factors of 33783.
3, 11261
List the prime factors of 1652.
2, 7, 59
List the prime factors of 3765.
3, 5, 251
List the prime